 n**3/6 + n**2 + 3*n + 4. Let m(z) be the first derivative of k(z). Give m(2).
8
Let n(r) = r**3 + 2*r**2 + r - 1. Let h be n(-2). Let q(v) = -11*v - 4. Let u(x) = -9*x - 3. Let f(k) = 4*q(k) - 5*u(k). What is f(h)?
-4
Let f(v) = 2*v + 5. Let x be 4/(-16) - 19/4. Give f(x).
-5
Let w(g) = -5*g**2 + 2*g - 3*g + 6 + 4 + 3*g**2. Let l(n) = -n**2 - n + 5. Let v(a) = -5*l(a) + 2*w(a). Determine v(-4).
-1
Let l(w) be the second derivative of -w**3/6 - 7*w**2/2 + w. Let m be l(-5). Let f(x) be the third derivative of x**5/30 + x**4/12 + 34*x**2. Calculate f(m).
4
Suppose -o = -5*r + 2 + 11, 3*o = -5*r + 21. Suppose -5*q + 12 - o = 0. Let m(g) = -g**2 - 2. What is m(q)?
-6
Suppose 0 = -l - 2*w - 13 - 5, 5*l = -w - 117. Let o be (-6)/l - (-34)/(-8). Let r(c) = -2 + 32*c + 7 - 26*c + c**3 + 5*c**2. What is r(o)?
-3
Let m(h) be the third derivative of -1/3*h**3 + h**2 + 1/12*h**4 + 0*h + 0. Calculate m(4).
6
Let x(t) = -t + 6. Suppose 0 = u - 2*u - 5. Let o(l) = 2*l - 11. Let a(r) = u*x(r) - 3*o(r). Let n = 0 + 0. Calculate a(n).
3
Let m(j) be the third derivative of -7*j**4/24 + j**3/6 + 5*j**2. Let g = 4 + -1. Suppose 5*t + 2 = 4*l - 1, 0 = t - 2*l + g. Determine m(t).
-6
Let o(n) = n**3 - 7*n**2 + n - 7. Let w be -1*(-3)/(-3) - -8. Determine o(w).
0
Let i(u) be the first derivative of -1 + 2*u - 1/2*u**2. Suppose -5*s = -0*s - 10. Calculate i(s).
0
Suppose -r + 2*r = -4*k + 18, 0 = 2*r + 3*k - 16. Let v(s) be the first derivative of 2 - 1/4*s**4 - 5/2*s**2 + s - r*s**3. What is v(-5)?
1
Let r(v) be the third derivative of -v**6/120 + v**5/15 + v**4/12 - v**3 + 13*v**2. Give r(4).
2
Let t(g) = g**2 - 7 - g + 2*g + 2*g. Suppose 4*l + 30 = -l. Determine t(l).
11
Let h be 34/8 + 2/(-8). Suppose -2*k + 4*k - 6 = 0. Let u(v) = -v**2 + 0 + 0 + 2*v + k*v. Calculate u(h).
4
Let l = 0 + 4. Let w(p) = 14*p - 9. Let s(c) = -5*c + 3. Suppose 5*o - 3*o - 6 = 0. Let t(n) = o*w(n) + 8*s(n). What is t(l)?
5
Let w(h) = 403*h + 3 - 404*h - 3. Suppose -2*r + i = 4 + 8, 0 = -2*r + 4*i - 18. Determine w(r).
5
Suppose 0 = -2*l + 7 - 3. Let i(p) = p**3 - p**2 + 2*p. Calculate i(l).
8
Suppose 8 = 2*n - 3*k, k - 6*k = -4*n + 14. Let j be n/2*(-3 - -3). Let c(x) = 0*x - 5 + 11 - x**3 + x**2 - 2*x + 3*x. Give c(j).
6
Let h(d) = 5*d + 1. Let r(n) = 2*n**2 - 5*n + 3. Let w be r(3). Let g(s) = s + 1. Let u(j) = w*g(j) - h(j). Calculate u(4).
9
Let h(q) = 2 - 3*q**2 + q**2 + 9*q - 10*q. Give h(2).
-8
Let g(f) be the third derivative of -f**6/120 - f**5/15 + f**4/24 + f**2. Let b(m) = -m**2 + 10*m - 2. Let p be b(8). Let h = p - 17. Calculate g(h).
-12
Let w(v) = -11 + 251*v + 3 - 249*v. Suppose -2*g = -0*g - 12. What is w(g)?
4
Let q(y) = 2*y**3 - y**2. Let i be ((-24)/(-32))/((-6)/(-16)). Suppose f = i - 3. Give q(f).
-3
Let x(n) = -n**3 + 3*n**2 + 2*n + 1. Let m(f) = -2 - 3 - 2 - f**2 - 8*f - 1. Let p be m(-6). Give x(p).
-7
Let i = -7 + -5. Let k = 6 + i. Let r(d) = d**3 + 5*d**2 - 4*d + 7. What is r(k)?
-5
Let l(b) be the third derivative of b**8/20160 - b**7/1008 - b**6/720 + b**5/10 - 6*b**2. Let o(i) be the third derivative of l(i). Calculate o(4).
-5
Let d(z) be the third derivative of -4*z**2 + 0*z - 1/3*z**4 + 0 + 1/60*z**5 + 2/3*z**3. Let s = 8 + -3. Give d(s).
-11
Let y(j) = j**3 - 4*j**2 - j - 1. Let f be y(4). Let k(a) = -a - 5 - 5*a**2 + 4*a + 6*a**2. Give k(f).
5
Let x(i) = i**3 - 4*i**2 - i + 1. Let f(g) = -g**2 + 11*g - 16. Let u be f(9). What is x(u)?
-9
Let z(u) = -u - 1. Let v(c) = 3*c + 6. Let q(n) = -v(n) - 4*z(n). Calculate q(5).
3
Let n(m) = m**2 + 9*m + 12. Let s be n(-8). Let x(a) = -3*a**2 + 9*a - 7 - 3*a + 2*a**2 + 2. Determine x(s).
3
Let x(y) = -y + 9. Let a(r) = r**2 - 11*r + 24. Let w be a(8). Give x(w).
9
Let x(w) be the third derivative of -7/24*w**4 - 1/360*w**6 - w**2 + 1/6*w**3 + 0 + 0*w**5 + 0*w. Let k(j) be the first derivative of x(j). Determine k(0).
-7
Let i(a) be the second derivative of -a**8/6720 + a**7/420 - a**6/180 - a**5/20 + a**4/4 + 2*a. Let g(k) be the third derivative of i(k). Calculate g(5).
-1
Let a(z) = z**3 + 4*z**2 + 2*z - 3. Let o be a(-3). Let n(j) = -j**2 + j + 1. Determine n(o).
1
Let v(w) = 18*w**2 + 1. Let b = -102 - -101. Determine v(b).
19
Let q(m) be the second derivative of m**4/12 + m**3/3 - 4*m. Suppose -2*i + 0*i + 4 = 0. Let p be 1/i*2*-2. Calculate q(p).
0
Let l(n) be the third derivative of -n**6/40 + n**5/60 - 7*n**2. Let x(j) = j**3 + j + 2. Let m be x(0). Let g be m/8*-2*2. Determine l(g).
4
Let v(d) = -4*d**2 - 10*d - 4. Suppose 0*f - 3*f + 2 = -2*b, -f + 4 = -4*b. Let y(o) = -o**2 - o - 1. Let h(c) = b*v(c) + 5*y(c). Calculate h(6).
-7
Let m(x) be the second derivative of -x**3/3 + 3*x. Calculate m(-3).
6
Let v(z) be the second derivative of z**8/6720 - z**7/504 - z**6/144 - 7*z**5/120 + z**4/4 - 2*z. Let w(f) be the third derivative of v(f). Give w(6).
-1
Let i(w) = -w + 1. Suppose -2*o = o. Suppose o = -18*c + 16*c - 2. Determine i(c).
2
Let q(r) = 6 - 16*r**2 - 8*r**2 - 12*r - 2 + 23*r**2. Give q(-12).
4
Let s(l) be the third derivative of l**4/24 + 5*l**3/6 + 24*l**2. Give s(4).
9
Let k(c) be the second derivative of -c**3/2 - c**2 - 5*c. What is k(-2)?
4
Suppose 0 = -2*r - y + 17, -r - 3*y - 9 = -5*r. Let v be 6/(-4)*(-20)/r. Let l(k) = -3*k - 13 + 2*k + 5*k**2 + 15 - k**3 + 5. Give l(v).
2
Let d(j) be the first derivative of 3*j**4/2 + j**3/3 - j - 2. Let v = 0 - -4. Suppose -l + 4*k = -3, 4*l - v*k - 1 = k. Determine d(l).
-6
Let p(z) = -z**2 - 14*z - 6. Let g be p(-13). Let w(t) = -t**3 + 8*t**2 - 8*t. Give w(g).
-7
Let n be 17/(-3) + 2/(-6). Let h = n + 8. Suppose -h = -5*k - 12. Let s(d) = -2*d**3 - 3*d**2 - d - 2. Determine s(k).
4
Suppose 5*u - 5 = 0, 2*j + 31 = -3*j - 4*u. Let m(h) = h**2 + 7*h - 1. Determine m(j).
-1
Let k(x) be the third derivative of x**6/120 + x**5/15 + x**4/6 + x**3/6 + x**2. Calculate k(-4).
-15
Let s(t) be the third derivative of t**4/8 - 2*t**3/3 - 12*t**2. Give s(4).
8
Let s(u) = -u**2 + 16*u + 22. Let b be s(17). Let n(h) = -h + 4. Calculate n(b).
-1
Let o(k) be the first derivative of 3*k**2/2 - 4*k - 1. Suppose 0 = -2*n + 2*s + 4, 7*n + s = 3*n + 13. What is o(n)?
5
Let h(x) be the first derivative of -x**3/3 + 3*x**2 - 3*x + 62. Let f(m) = -m + 12. Let z be f(6). Give h(z).
-3
Let k(r) = r**2 + 8*r + 1. Suppose 0 = 2*z - 0*z + 18. What is k(z)?
10
Let q = 12 - 24. Let s be 12*(2 + 28/q). Let g(l) = l**3 + 3*l**2 - 5*l + 1. Calculate g(s).
5
Let r = 6 - 2. Let n(j) = 1 + r*j - 2*j + 3 + 4. What is n(-6)?
-4
Let d(i) be the second derivative of -i**3/3 + 3*i**2/2 + 4*i. Determine d(2).
-1
Let b(s) = -3*s - 1. Let u be -2*1 - (27 + -12). Let o = 13 + u. Give b(o).
11
Let w(d) be the second derivative of -1/3*d**3 - 3/2*d**2 + 0 - d. Let l be ((-12)/15)/(2/5). Determine w(l).
1
Let u(y) be the second derivative of 7/2*y**2 - 1/12*y**4 + 0 + 3*y - 2/3*y**3. Determine u(-5).
2
Let n(b) = 2*b**3 - 4*b**2 + 2*b + 1. Suppose 2 = -2*c + 3*c. Give n(c).
5
Let i(o) = 4*o - 3. Let g = -4 + 10. Suppose 7*l - 10*l + g = 0. Determine i(l).
5
Let u(p) = p**3 + 4*p**2 - 7*p - 5. Let m(s) = 6*s**3 + 1. Let l = -4 + 9. Suppose n = -4*n - l. Let x be m(n). Determine u(x).
5
Suppose 4*l = -0*a + a - 28, -4*l - 3*a - 44 = 0. Let v(d) = -d**2 - d. Let y(j) = 10*j**2 + 4*j + 2. Let g(k) = l*v(k) - y(k). Determine g(3).
-8
Let s(g) be the second derivative of g**4/12 + 7*g**3/6 + 5*g**2/2 + 3*g. Calculate s(-6).
-1
Suppose 3*f = 3*w - 6*w - 30, -4*f = -5*w - 5. Let b(z) = z**2 + 4*z - 3. What is b(f)?
2
Let j(f) be the third derivative of -f**6/120 + f**5/20 - f**4/12 + f**3/2 - 52*f**2. Let w be (-6)/4*(-8)/6. Suppose w*v = -2*v + 8. What is j(v)?
3
Let j(y) = -2*y + 17. Let g be j(11). Let x(d) = d**3 + 6*d**2 + 5*d - 1. Calculate x(g).
-1
Suppose 12 = -3*l - 5*i, 0*l + 18 = -l + 3*i. Let m(x) = -x**3 - 10*x**2 - 8*x + 10. Determine m(l).
1
Let h(v) = -7*v**2 + 2*v + 7. Let d(x) = 4*x**2 - x - 3. Let p(q) = -5*d(q) - 3*h(q). Suppose 4*l = 6*l. Calculate p(l).
-6
Suppose -3*g = -3*p - 2 + 5, 3*p - 15 = -3*g. Let a(o) = o**2 - 3*o - 1. Calculate a(g).
-3
Let l(i) = -2*i + 6. Suppose 28 - 4 = 4*z. Calculate l(z).
-6
Let x be (-3*1)/(-3) - 5. Let z = 5 - 6. Let y(f) = -3*f**3 - 9*f**2 - 2*f + 4. Let m(d) = d**3 + d**2 + d. Let k(t) = x*m(t) + z*y(t). Give k(3).
8
Let f(j) = 2*j**3. Let